4 - j. Is 9 a factor of d?
True
Let g = 0 + 1. Let v(m) = 4*m**2 - m + 1. Let x be v(g). Suppose -x*t + 57 = 3*w, -3*t + 49 = -0*t + w. Does 10 divide t?
False
Let b = -7 + 2. Let l(j) = -15*j - 10. Does 31 divide l(b)?
False
Let b(n) = 3*n**3 - n**2 + n. Let w be b(1). Suppose 2*k - 40 = -2*g - w*g, -4*g + 32 = 4*k. Is 4 a factor of g?
True
Let a(o) = o**2 - 4*o + 2. Suppose 10 = -5*x + 5*y, 5*x - 4*y = -0*x - 13. Let r be a(x). Is 6 a factor of 8/(-20) - r/(-5)?
False
Suppose 0 + 5 = -5*b. Let m be (1 + b)/(-2*1). Suppose 3*n = 2*g - 42, m = -4*g + 4*n - 0*n + 76. Is 6 a factor of g?
False
Let a = 16 + -9. Suppose 0 = -5*b + a + 13. Is b even?
True
Suppose 0 = -3*u - 2*t - 123, 3*u - 3*t + 2*t = -132. Let o = u + 67. Is 12 a factor of o?
True
Let o = 13 - 8. Suppose 2*c - 6*c = -2*u + 60, c = -o*u + 128. Does 13 divide u?
True
Suppose -5*v - 2*h + 3*h + 6 = 0, v - 2*h + 6 = 0. Suppose -v - 3 = -t. Is t a multiple of 2?
False
Let t(w) = -2*w**2 - 3 + 19*w**2 + 14*w**2 + 4 - 2*w. Is 15 a factor of t(1)?
True
Let l(h) = 5*h**3 - h**2 - h + 1. Let j be l(1). Let f = 4 + -2. Suppose 0 = j*k - k + f*p, 5*k + p - 7 = 0. Does 2 divide k?
True
Let s(k) = -k**3 + 1. Let u be s(-1). Suppose -5*i + 112 = 2*g, -u*i = 3*g - i - 155. Does 17 divide g?
True
Suppose 4*k = 3*f - 248, 0*f - 164 = -2*f + 4*k. Does 7 divide f?
True
Suppose -4*i + 184 - 40 = 0. Does 10 divide i?
False
Let n(i) = -i + 2. Let x be n(4). Let r be 57/12 + x/(-8). Suppose -2*b = -r*v - 51 + 192, 5*v = 4*b + 147. Does 10 divide v?
False
Suppose -11 = -4*r + 1. Let k = 0 - -83. Suppose -3*t - t = -i - k, i + r = 0. Is 20 a factor of t?
True
Let r(m) = 8*m - 43. Is r(11) a multiple of 20?
False
Let o = -4 + 2. Let a(v) = -4*v**3 + 3*v**2 + 2*v. Let m be a(o). Suppose 0 = -5*i - 0*i + m. Is i a multiple of 8?
True
Let j be ((-6)/7)/(2/(-14)). Let f be (3/9)/(2/j). Is (2/1 - -11)*f a multiple of 5?
False
Suppose -5*w + 62 + 23 = 0. Suppose w = -2*b + 111. Is b a multiple of 30?
False
Let x(o) = -o**2 + 23*o - 18. Does 8 divide x(18)?
True
Let v(a) = 11*a**2 - 4*a - 4. Is v(4) a multiple of 34?
False
Let r(p) = -5*p - 3. Let b(k) = k**3 - 6*k**2 + k - 8. Let a be b(6). Is r(a) a multiple of 4?
False
Let m(i) = i**3 - i**2 + i - 1. Let q be m(2). Suppose 4*u + 74 = q*x, -u - 6 = -5. Suppose -44 = -5*l - x. Is l a multiple of 4?
False
Suppose -69 = -3*l - 2*f + 92, 2*f - 271 = -5*l. Is 3 a factor of l?
False
Let w(c) = -c**3 + c + 16. Let k be w(0). Suppose k = -z + 3*z. Is 8 a factor of z?
True
Suppose -480 = -8*d + 3*d. Is 18 a factor of d?
False
Suppose -4*s - c - 251 = -0*c, 0 = -4*s - 3*c - 241. Suppose 30 = -q - 12. Let y = q - s. Is 13 a factor of y?
False
Let p(b) = 183*b + 15. Let l be p(11). Is 8 a factor of l/60 + (-1)/(-5)?
False
Suppose 2*s = -2*x + 290, 4*s - 131 - 458 = 5*x. Does 24 divide s?
False
Does 3 divide 22*(-3 + 4)*1?
False
Let z be 40/22 + (-4)/(-22). Let f = -3 + -4. Does 3 divide (-1 - 1)*f/z?
False
Let y(q) = 12*q - 8. Does 12 divide y(5)?
False
Let b = 9 - 4. Suppose -b*c + 15 + 25 = 0. Is 6 a factor of c?
False
Suppose -3*y = 5*u - 68, 5*u + 3*y + 2*y = 70. Let v = -5 + u. Let m = v - -49. Does 15 divide m?
False
Suppose -y = -6*y. Let j be -1*y/1 + 2. Suppose -4*c - c - 3*g = -86, -j*c + 34 = g. Does 6 divide c?
False
Suppose -10 = 2*n, 0*n - 5 = -2*u - n. Suppose -20 = 3*t - u*t. Let j = t + -6. Is j even?
True
Suppose 4 = -2*c - 2, 0 = 4*d - 4*c - 16. Is (0 + 2 - d) + 32 a multiple of 9?
False
Let x(w) = w**2 - w + 1. Let c(v) = -5*v**2 - 7. Let p(k) = -c(k) - 6*x(k). Does 3 divide p(4)?
True
Is 2 a factor of 3/((-4)/(-8)*3)?
True
Let a be 1*-6 + (-1 - -1). Let o be 142/(-3) + 4/a. Let b = o + 90. Does 21 divide b?
True
Suppose -3*d + 7*d = -4*h + 380, h + 269 = 3*d. Is d a multiple of 13?
True
Let b = -16 + 26. Let h = b - 5. Is ((-6)/3 - -5) + h a multiple of 8?
True
Let p be (-6)/33 - (-897)/33. Let z = 41 - p. Is z a multiple of 11?
False
Let d be 2 + 4 - 1*2. Suppose -4*c = -2*v - 14, v - c + d*c - 18 = 0. Is v a multiple of 3?
True
Suppose 4*o + 5*y + 11 = -8, 3*y = -9. Let q = -69 - -65. Let z = o - q. Is z a multiple of 3?
True
Let k = -50 + 76. Is 9 a factor of k?
False
Suppose 277 = 5*p + 97. Does 25 divide p?
False
Let d(i) = 5*i - 2. Let f be d(1). Suppose -s - f*s + 48 = 0. Is 4 a factor of s?
True
Suppose -z + 28 + 45 = 0. Let f = -49 + z. Is f a multiple of 24?
True
Let t = 224 - 62. Does 54 divide t?
True
Let i be (-3)/(-6) - 1/2. Let b(q) = q + q**2 + i*q - 16*q**3 + 0*q. Is 8 a factor of b(-1)?
True
Let d(g) = -2*g + 18. Let f be d(8). Is 14 a factor of 1*f/6*201?
False
Let d = 9 + -6. Suppose 0 = -d*u - 6 - 15. Let z = u + 14. Is z a multiple of 4?
False
Suppose 10*i - 11*i + 2*l + 11 = 0, 0 = -5*l + 20. Does 7 divide i?
False
Suppose 47*s = 52*s - 525. Is s a multiple of 7?
True
Suppose -3*k = -2*c - 312, 520 = 2*k + 3*k - c. Is k a multiple of 13?
True
Let i(s) = -11*s**3 - 2*s**2 + 2*s. Let h be i(-2). Suppose 1 = -2*w + 5. Suppose -w*n + 4*n = h. Is 19 a factor of n?
True
Is 15 a factor of ((-3)/6)/((-7)/434)?
False
Is 27 a factor of ((-1 + 3)*54)/((-6)/(-9))?
True
Let a be (-10)/(-35) + 103/7. Suppose 5*f + v - 15 = 0, 2*v + a = 2*f - 3. Does 4 divide 1 - (3*f)/(-2)?
False
Let m(d) = -d**3 + d**2 + 3*d - 1. Is m(-3) a multiple of 13?
True
Suppose 1 = -a + 4. Does 14 divide -2 + a + -2 + 29?
True
Let u = 1 + -4. Let c(k) = -22*k + 6. Does 16 divide c(u)?
False
Let u be 2 - -2 - 1*2. Suppose -4*y - r = u*r - 135, y = -5*r + 21. Is 9 a factor of y?
True
Suppose 3*p = -3*f + 600, -4*f + 2*p = -9*f + 988. Does 49 divide f?
True
Suppose -12*q - 216 = -15*q. Does 24 divide q?
True
Suppose 50 = -4*s + 14. Let k(h) = -h**2 - 10*h + 9. Is k(s) a multiple of 9?
True
Suppose 4*j - 21 = -5*i, 4*j - 4 = 5*i + 7. Suppose 0 = j*h + w - 130, -2*h - w + 58 = -4*w. Let t = -10 + h. Does 8 divide t?
False
Let p = 132 + -190. Let x = p + 87. Does 23 divide x?
False
Suppose 4*a = 2*a + 120. Is 4 a factor of a?
True
Let t = 55 - 58. Let z(c) = -3*c - 3. Let g be z(5). Let v = t - g. Is v a multiple of 15?
True
Suppose -3*v + y = -59, v = -v - y + 46. Is 6 a factor of v?
False
Suppose -136 = -2*k - 46. Suppose -5*y = 4*s - 88, 2*y + 5*s - k = -y. Is 18 a factor of y?
False
Suppose b + 3 = -h, -4*b + 2*h + 6 = -3*h. Let a be (b - -2)/((-1)/(-2)). Does 6 divide (-28 + a)/((-2)/1)?
False
Suppose -68 = -w + 3*y, y = 3*w - 0*y - 164. Let o = 14 + -6. Suppose -3*j + w = o. Is 8 a factor of j?
False
Is 35 a factor of (-8)/(-10)*5/2*45?
False
Let d(c) = -2 + 6 - 2 + 2*c**2 + 2*c - c**2. Is d(3) a multiple of 13?
False
Suppose z - 2*z = 8. Let s be (14 + 1)*z/(-3). Suppose 3*m + 3*n - 10 = 2*m, 0 = -4*m - 3*n + s. Is 5 a factor of m?
True
Let z = -12 + 17. Suppose s + 0*o - z*o = 13, 4*s - 28 = -4*o. Suppose -g - g = -s. Does 3 divide g?
False
Let s(g) = -g**2 + 10*g - 10. Let o be s(8). Suppose -4*b = -26 + o. Is 3 a factor of b?
False
Let p = -54 - 6. Let t = -36 - p. Is 12 a factor of t?
True
Suppose -f - 3*f = -372. Does 31 divide f?
True
Let v(p) = -19*p + 1. Let a(n) = n. Let g(w) = 6*a(w) - v(w). Is g(1) a multiple of 5?
False
Let a be 4/((-8)/46) - -2. Let y = -11 - a. Does 2 divide y?
True
Let a = -7 - -11. Suppose 5*q + 140 = 5*x, 2*q - 28 = -x + a*q. Does 14 divide x?
True
Let f(z) = 8*z**2 - 7*z - 29. Let n(b) = -3*b**2 + 2*b + 10. Let q(x) = -6*f(x) - 17*n(x). Does 12 divide q(-5)?
False
Let l(m) = m. Let g(z) = -6*z - 7. Let a(p) = -g(p) - 5*l(p). Let f be a(-4). Suppose -f*s = -66 + 15. Is s a multiple of 9?
False
Suppose 5*x - 4*x + 4*y = 10, 2*y = -x + 2. Let p be (-56)/(-6)*(-27)/x. Suppose 3*h = -3*u + 11 + 13, p = 5*h + 4*u. Does 5 divide h?
True
Let g be (-6)/(-10) - 2/(-5). Let z = 0 - g. Let i = z + 30. Does 14 divide i?
False
Suppose 4*w = -0*w + 208. Suppose 3*y - w = -y. Is 7 a factor of y?
False
Suppose -t = -5*t + 120. Is 7 a factor of t?
False
Let r(j) = j - 14. Let q be r(-6). Let l = -58 - -121. Let a = l + q. Is 11 a factor of a?
False
Let v = -9 - -6. Is (3/(-4))/(v/24) even?
True
Let t(l) = -l - 5. Let q be t(-7). Suppose 3*a = 2*s - 50, -4*s + 3*a + 102 = -q*a. Is 14 a factor of s?
True
Let u(y) = y**3 + 8*y**2 + 7*y + 2. Let f be u(-7). Let d = -15 - -11. Is 13 a factor of (0 + (-19)/f)*d?
False
Suppose 3*x + 2*y = -4, 5*x - x +